What is the units digit of m?
8
Suppose 4244 = 4*l - 5*s, -74*s + 79*s + 20 = 0. What is the tens digit of l?
5
Let w = 1042 + -316. What is the tens digit of w?
2
Suppose -22*t + 4355 = -4489. What is the tens digit of t?
0
Let s = -17 - -22. Suppose s*c - c = 16. What is the units digit of c?
4
What is the thousands digit of ((-2)/(-13) - (-11252)/39)*6?
1
Suppose 2*r - 9740 = 4*z, 0 = 60*r - 55*r + 4*z - 24406. What is the thousands digit of r?
4
Suppose 5*v + 2*k - 17 + 62 = 0, 4*v + 48 = -4*k. Suppose -2*l - 90 = -5*l. Let i = l + v. What is the units digit of i?
3
Let q(w) = -14*w - 10. Let r = -39 - -35. What is the units digit of q(r)?
6
Let z(a) = a**2 + 6*a - 3. Let y be z(-4). Let i = y - -70. What is the tens digit of i?
5
Let p = 5 - -4. Let n be (12/p)/((-2)/(-3)). Suppose t = -n*t + 135. What is the units digit of t?
5
Let c(q) = -q**2 - 39*q - 11. What is the hundreds digit of c(-19)?
3
Suppose -2155 = 4*n - 9*n. What is the units digit of n?
1
Let x be 3/(315/155 + -2). Suppose 4*p - 11 - x = 0. What is the tens digit of p?
2
Let b(s) = -17*s + 13 - 46 + 25. What is the units digit of b(-11)?
9
Let w = 285 - 63. What is the hundreds digit of w?
2
Let z = 429 + 92. What is the tens digit of z?
2
Let m(u) = -u - 2. Let a be m(-2). Suppose 326 = 5*f + h, f + 3*h - 2*h - 62 = a. What is the units digit of f?
6
What is the units digit of 2/24*-2 - (-18183)/18?
0
Suppose 0 = -19*c + 11*c + 5880. What is the tens digit of c?
3
What is the hundreds digit of 1469 - 10 - -1 - 11?
4
Suppose 0 = -h + 4*h - 33. Let r = -11 + h. Let o = 10 + r. What is the units digit of o?
0
Let o = 173 + -69. Let n = o - 79. What is the tens digit of n?
2
Let p(z) = z**3 + 9*z**2 - 11*z - 1. Let o = 42 - 52. What is the units digit of p(o)?
9
Let b(j) = 2*j**2 + 22*j + 22. Let c be b(-14). Suppose -3*n = -c - 38. What is the tens digit of n?
4
Let n = -32 + 50. Let i = 36 + n. What is the units digit of i?
4
Suppose -11 + 36 = 4*a + 5*o, a - 2 = 3*o. Let l(u) = -u**2 + 5*u + 2. Let w be l(a). Suppose -w*p + 4 = -28. What is the units digit of p?
6
Let r(d) = -d**2 + 11*d - 18. Let v be r(8). Let n(h) = -h**3 + 5*h**2 + 8*h - 7. What is the units digit of n(v)?
5
Suppose 3*q - 5*q - u + 155 = 0, 3*q - 235 = -u. What is the tens digit of q?
8
Let x(j) = j**3 - 3*j**2 - 7*j + 1. Let l be x(6). Let m = 110 - l. Suppose 4*o = 3*g - m, -4*g + 21 + 35 = -5*o. What is the units digit of g?
9
What is the hundreds digit of (21/(-9) + 1)*-3*30?
1
Let t be 12/(-9)*(-6)/4 + 1. Suppose u + a = -t*a + 85, -3*u = -2*a - 269. What is the units digit of u?
9
Let n(b) = -b**3 + 17*b**2 - 16*b + 8. Let o be n(16). Suppose 0 = o*r - 7*r - 40. What is the tens digit of r?
4
Suppose 15*i - 9752 = -8*i. What is the tens digit of i?
2
Let v be (-4 - -6)*3/2. What is the units digit of (202/v)/(3/(-9) - -1)?
1
Let o = -1159 + 2719. What is the tens digit of (-2)/3 + o/18?
8
Let d(o) = 12*o**3 + 7*o**2 + o - 6. What is the hundreds digit of d(4)?
8
Suppose 2*d - 48 = -2*i, 0 = -4*d + 5*i + 45 + 60. Let v be 65/d + (-4)/(-10). Suppose 1 = -x + v. What is the units digit of x?
2
Let a = 105 + -105. Suppose a = -6*g - 4*g + 1190. What is the hundreds digit of g?
1
Let f(y) = y - 16. Let z be f(16). What is the tens digit of 2 + 74 + z + -4?
7
Let o = 41 - 36. Suppose -o*d + 235 = -x, 6*d - 172 = 2*d + 4*x. What is the tens digit of d?
4
Let j = -4 + 12. Let h(y) = 4*y**3 - 10*y**2 - 5*y - 11. Let z(f) = 7*f**3 - 19*f**2 - 10*f - 22. Let p(o) = -5*h(o) + 3*z(o). What is the units digit of p(j)?
3
Suppose 0 = 5*u + 8 - 3. Let l be 6/(u*2/(-13)). Suppose o = w + 2*w + 64, -o + l = 2*w. What is the units digit of o?
9
Suppose -3*g - 2 = -47. Suppose -13*b + g*b - 402 = 0. What is the tens digit of b?
0
Suppose -8*d + 3*d + 480 = 0. Suppose 5 = -3*q + 17. Suppose 0*o + 3*o + 190 = q*s, 2*s = o + d. What is the tens digit of s?
4
What is the tens digit of (36/(-8))/(3/(-126))?
8
Let f be 2 - (0 - (1 - -1)). Suppose -18 = -f*q + q. What is the tens digit of (-3)/2*(-140)/q?
3
Suppose a - 6*a + 25 = 0. Suppose a*b - 195 = 30. Suppose 5*k = 4*w - 0*w + b, 3*k = -3*w + 27. What is the units digit of k?
9
Let a = -37 - -37. What is the tens digit of ((-5)/(-10)*150)/(a + 1)?
7
Suppose 4*g - 9612 = -2*w, 4*w + g - 2248 = 16948. What is the units digit of w?
8
What is the tens digit of 451 + (2 - 6) + 6?
5
Suppose -5*o = 3*y - 131, -4*y - 4*o = -y - 136. Let q be 28/98 - y/(-14). Suppose -4*f = -20 - q. What is the units digit of f?
6
Let c be 6/21 + 3688/28. Let f = 187 - c. What is the tens digit of f?
5
Let g be -1 + (-20 - -3) + 3. Let n be ((-2)/(-4))/((-1)/(-46)). Let k = n + g. What is the units digit of k?
8
Let f(r) = -73*r - 316. What is the tens digit of f(-24)?
3
Let c(h) = 39*h - 6. Let k be c(1). Suppose k = 3*i - 27. What is the tens digit of i?
2
Let z(m) = -m**3 - 8*m**2 - 8*m - 10. Let r be z(-7). What is the units digit of 143 - (r - -4) - -2?
4
Let c = -551 + 1000. What is the units digit of c?
9
Suppose 277 = 14*a - 2383. What is the units digit of a?
0
Let h be ((-6)/9)/(8/108). What is the units digit of 268/12 - (-3)/h?
2
What is the tens digit of 177516/360 + 2/(-20)?
9
Let d = 38 + -35. Let j(a) = 34*a - 7. What is the units digit of j(d)?
5
Let p = 112 + -65. What is the tens digit of p?
4
Let o(r) = r**3 + 7*r**2 + r + 10. Let k be o(-7). Suppose k*b + 47 = 530. What is the units digit of b?
1
Let b = 195 + 1340. What is the units digit of b?
5
Let z(j) = 42*j**2 - 12*j - 73. What is the units digit of z(-5)?
7
Suppose -2*s - 107 = -3*i, -5*i + 34 = 5*s - 136. What is the tens digit of 14/i - 128/(-5)?
2
Let d(x) be the first derivative of x**3/3 + 5*x**2 + 5*x + 54. What is the units digit of d(-14)?
1
Let p(q) = 18*q + 83. What is the tens digit of p(40)?
0
Let d(t) = -2*t - 35. Let i be d(-17). Let q(z) = 0*z**3 - 17*z**3 - z**2 + 1 - z**3 + 4*z - 3*z. What is the units digit of q(i)?
7
Let n be (-2)/(-3) + -1 + 998/6. Suppose -166 = -4*i + n. What is the tens digit of i?
8
Let s be 4 + (-4)/((-8)/(-6)). Let t be (0/s)/(1 - 0). Suppose -3*q - 28 + 94 = t. What is the tens digit of q?
2
Suppose -2*j = -5*j + 6. Suppose 0 = j*d - 7*d - 30. Let t = d - -36. What is the units digit of t?
0
Suppose 52 = -z + 455. What is the units digit of z?
3
Let h = -1000 + 1444. What is the tens digit of h?
4
Let c(o) = 2 + o**2 + 2 + 0*o + o + 4*o. What is the tens digit of c(5)?
5
Let r(f) = 4*f**2 - 2*f + 27. What is the units digit of r(15)?
7
Let s be (-8)/(-3) + (-3)/(-9) - -50. Suppose -q = 2*d - s, 2*d - 93 = -d + 3*q. What is the tens digit of d?
2
Let i = -36 - -61. Suppose n - i = -4*n, n = -2*s - 3. What is the tens digit of 2/(s/(-106)) + 0?
5
Suppose 2 = -3*o + 4*o. Suppose 6*z + 3 = -g + 5*z, -o = -g + 4*z. What is the tens digit of (-1 + 11/(-2))*g?
1
Let s(a) = a**2 + 1. Let h(v) = v**3 - v**2 + 4*v + 4. Let y = 7 - 8. Let l(z) = y*h(z) + 6*s(z). What is the units digit of l(6)?
4
Suppose -2*y + 1 - 11 = -4*p, 3*p = -3*y - 15. What is the hundreds digit of 48*((-140)/12)/y?
1
What is the thousands digit of (-3751 - 6/(-9)*3)*-1?
3
Suppose 0 = q + q - 10. Suppose 2*p = q*p - 189. What is the units digit of p?
3
Let p be 3/(-1)*16/(-6). Let i(s) = -1. Let d(q) = -q**2 + 6*q + 4. Let y(u) = -d(u) - i(u). What is the units digit of y(p)?
3
Suppose -2*l = -4, 4*u - 209 = -2*l - 21. Let n = 99 - u. What is the tens digit of n?
5
Let j(k) = k**3 + 9*k**2 + 8*k + 14. Suppose -3*o - 10 = -2*o - 2*w, w + 10 = -2*o. What is the units digit of j(o)?
4
Let w = 506 + -165. What is the tens digit of w?
4
Let k(s) = -3*s - 1. Let r be k(-1). Suppose 4*y = r*y + 136. What is the tens digit of y?
6
Let h(k) = 46*k - 10. Let u(c) = 47*c - 12. Let l(w) = 6*h(w) - 5*u(w). What is the tens digit of l(6)?
4
Suppose -4*l - 7*w = -10*w - 849, 0 = -2*w - 6. Suppose g + 4*h = l, 4*g - 2*h = 527 + 295. What is the units digit of g?
6
Let z(s) = -s. Let g(v) = -35*v - 1. Let u = -11 - -12. Let d(h) = u*z(h) - g(h). What is the tens digit of d(1)?
3
Suppose -4*z + 27 = -81. Let y = -25 + z. Suppose -165 = -3*o - y*o. What is the tens digit of o?
3
Let y = 9 + -6. Suppose -y*p = -5*d + 3*d + 17, 5*d = -p + 51. Suppose -2*t + 20 + d = z, -t - 4*z = -29. What is the tens digit of t?
1
Let h(m) =